 + 3. Give g(f).
-1
Let h be 40/15 + 2/6. Let l(x) = -5 - 3*x**h + 7 - 4*x + 0*x**3 + 4*x**2. Let r be 5/(-2)*-12*7/105. Give l(r).
-14
Let i be (-4 + 102/3)*-2. Let b be 2 - i/(-27) - (-724)/18. Suppose -2*q + 28 - b = 0. Let f(k) = k**2 + 7*k + 9. What is f(q)?
3
Let z(w) = 0*w + 2 - 3*w + 4*w. Suppose -77 = -3*f - 4*f. Suppose -2*j = -u + f, 3*u - 15 = -3*j + 6*j. What is z(j)?
-4
Let u(q) be the third derivative of 19*q**4/24 - 151*q**3/6 + 4313*q**2. What is u(8)?
1
Let w(n) = -357*n**2 - 4*n - 47 - 15*n + 711*n**2 - 353*n**2. Determine w(21).
-5
Let t be (-23)/46*(-12 - 16/(-4)). Let c(b) be the first derivative of -5/2*b**2 + 3*b - 2. Calculate c(t).
-17
Suppose 18*k - 4 = 32. Let s(t) = 26*t**2 + 3*t - 13*t**k - 10*t - 12*t**2. Give s(6).
-6
Let u be (-2)/2 + (1 - (-16)/(-4)). Let d(y) = -y**2 - 5 - 2*y - 5*y + y. Calculate d(u).
3
Let p(d) = -17*d**2 - 26*d - 25. Let u(r) = -44*r**2 - 66*r - 62. Let y(m) = -13*p(m) + 5*u(m). Determine y(-6).
3
Let r be (-10)/(-2)*15*6/90*1. Let n(k) = k**2 + 21*k - 131. Determine n(r).
-1
Let p(r) = -r**3 + 17*r**2 + 10. Let u(d) = -d**3 - 47*d**2 + 50*d + 113. Let m be u(-48). What is p(m)?
10
Let o(t) = -t**2 - 5*t - 4. Suppose 3*l = -5*k - 37, 4*l = 7*l + 3*k + 33. Calculate o(l).
-40
Let y(s) = 42*s + 41. Let f = 16140 - 16141. Give y(f).
-1
Let v(z) = 2 - 1 - 673*z + 662*z. Let c(r) = r**3 + 12*r**2 - 12*r + 14. Let t be c(-13). Calculate v(t).
-10
Let l(b) = -2*b**3 - 16*b**2 - 30*b + 8. Let d be l(-4). Let k(q) = 13*q + 17. Determine k(d).
17
Let m(l) = -2*l + 3. Let o(y) be the second derivative of -9*y**2 + 10*y**2 + 5*y - y**3 + 4*y**2. Let r(k) = 17*m(k) - 6*o(k). Give r(6).
3
Let h(s) = 222*s**2 - 224*s**2 - 10 + 1 + 21*s. Calculate h(9).
18
Let l(x) = 6*x - 1. Let j = 121 + -123. Let r be j/(-18) + (-17)/(-9). Suppose -r*w + 1 + 12 = 3*k, -w = -2*k + 4. Determine l(w).
11
Let z be 28 + (-374)/(-55)*-5. Let x(i) = i**3 + 7*i**2 - 6*i - 80. Give x(z).
-8
Let s(o) be the third derivative of o**5/60 - 5*o**4/12 + 7*o**3/6 - 1217*o**2. Let p(y) = y**2 - 2*y - 4. Let d be p(5). What is s(d)?
18
Let i(r) = 4*r**2 + 3*r + 1. Suppose 0 = 5*o - 25, -d - 5*o = 4 - 31. Suppose 5*c - 4*p + 6 = 0, 2*c = -2*c + d*p - 6. What is i(c)?
11
Let c(q) = -q**2 + 0 + 1 + 4*q - 67380*q**3 + 67375*q**3. Calculate c(2).
-35
Let f = -16 + 9. Let k be 5/1 + 4 + -9. Let x(l) = l + k - l**2 - 5 - 9*l + 2. Determine x(f).
4
Let v be (-14)/(-4)*-2 - 3. Let r be v/20*8/(-2). Let z(p) = p - 1 - 3 - 1 + 2. Give z(r).
-1
Let m = -214 + 235. Let r(w) = 2*w + 9*w**3 - 29*w**3 + 4 - 5*w + m*w**3 - w**2. Give r(-3).
-23
Let r(n) = -n - 5. Let p(j) = j + 1. Let i(y) = -2*p(y) - r(y). Let a = 48572 - 48563. Determine i(a).
-6
Let p be 121/2 - 18/(-36). Suppose -4*h - p = -3*f + h, 2*h = 4*f - 58. Suppose 0 = 4*c + 4*g, -f + 0 = 4*c - 2*g. Let a(q) = -2*q**2 - 2*q - 2. Give a(c).
-6
Let t(s) = -s**2 - 8*s. Let i(q) = -q**2 - 8*q - 1. Let x be (-22 - -31)*2/((-12)/(-62)). Let h = -99 + x. Let m(c) = h*t(c) + 7*i(c). What is m(-6)?
5
Let a(f) be the first derivative of -f**4/4 - 17*f**3/3 + 17*f**2/2 - 20*f + 407. Calculate a(-18).
-2
Let x(t) be the third derivative of t**4/24 + t**3/3 - 6*t**2 + 27*t. Let z(b) = -b - 2. Suppose -3*r + 6*r + 12 = 0. Let n(q) = r*z(q) - 5*x(q). Give n(-5).
3
Suppose 6*l + 2 = 4*l, -20 = -4*u + 4*l. Let s(j) = j**2 - 30*j + 110. What is s(u)?
6
Let l(h) = 7*h**3 + 25*h**2 - 10*h + 72. Let t(c) = -18*c**3 - 73*c**2 + 32*c - 217. Let u(f) = 8*l(f) + 3*t(f). Determine u(9).
-12
Let z(v) = v**3 - 9*v**2 + 8*v - 11. Let g(q) = 5*q**3 - 37*q**2 + 33*q - 44. Let b(o) = -2*g(o) + 9*z(o). Suppose 249*k = -1867 - 125. Give b(k).
5
Let v(f) = -f**2 + 12*f - 9. Let c = 140 - 130. Give v(c).
11
Let m(s) = 4*s**2 - 3*s. Let x = -884 + 600. Let r = x + 286. Determine m(r).
10
Let y be ((-15)/(-30))/(2/16). Let r(l) = -5*l**2 - 3*l**3 - l + 7*l**3 + y - l**3 - 2*l**3. Give r(5).
-1
Suppose 11*n + 75 = 14*n + 4*b, -6 = 2*b. Let i(h) = 12*h + n*h - 5 - 30*h. Determine i(-4).
-49
Let s(c) = 2*c**2 + 4*c**2 - c**2 - 5 - c + 2*c**3 + 5*c**2. Let b be s(-5). Let w(x) = -x**3 + x**2 - x - 2. Determine w(b).
-2
Suppose 0 = 5*u + 385 - 370. Let x(j) = 4*j + 10. Let v be x(u). Let b(w) = 2*w**2 + w - 1. Calculate b(v).
5
Let l(y) = 3*y**2 + 3*y + 1. Let u(p) = 2*p**2 + 144*p - 2. Let s be u(-72). Calculate l(s).
7
Suppose 15 = -5*l + 5*i, i + 2 - 1 = 0. Let b(r) be the third derivative of -r**5/30 - 7*r**4/24 - 5*r**3/6 + 109*r**2 + 4*r. What is b(l)?
-9
Suppose -5*f - 359 = -369. Let l be 8 - ((-24)/f + 9). Let s(o) = -2*o + 25. Give s(l).
3
Let c(a) = -a**3 - 2*a**2 + a + 2. Let r = -278 + 218. Let d = 58 + r. Give c(d).
0
Let s(i) = -6*i + 20*i - 6*i + 3*i + 8. Give s(5).
63
Let l(r) = 348*r + 52 + 2*r**3 - 3*r**3 - 185*r + 2*r**2 - 24*r**2 - 180*r. Determine l(-21).
-32
Let c(m) = -3*m - 6. Let g(l) = 3*l + 7. Let u(z) = 5*c(z) + 6*g(z). Let r(d) = -15 + d**2 + 6 - 14*d + 0*d + 1 - 18*d. Let j be r(32). Calculate u(j).
-12
Let j(i) be the second derivative of i**4/3 + 7*i**3/6 + i**2 - i - 6895. Calculate j(-3).
17
Let d(y) = 2*y**3 - 3*y**3 + 1295*y - 1291*y - 11 + 2*y**2. What is d(6)?
-131
Let o(y) = -y**2 - 55*y + 24. Let n(a) = -2*a**2 - 100*a + 47. Let q(d) = 4*n(d) - 7*o(d). Determine q(-16).
4
Let y be (272/(-5))/(-3*(-36)/(-1350)). Let v = 683 - y. Let o(s) be the second derivative of s**5/20 - s**4/6 - 2*s**3/3 + s. Determine o(v).
-3
Let x(n) = -129*n - 25*n**3 - 6 - 7*n**2 + 126*n + 27*n**3. Give x(4).
-2
Let c(u) = u**3 + 4*u**2 + 2*u + 3. Suppose -6*i + 12*i = 456. Suppose -22*q - i = 34. What is c(q)?
-32
Let q be 8/(-2) + 1 + 48. Let m = -13 + q. Let t = 35 - m. Let y(x) = 2*x**2 - 2*x - 3. Give y(t).
9
Let g(j) = -j**2 + 4*j + 38. Suppose 37*f + 83*f + 765 = -33*f. What is g(f)?
-7
Let f(z) = -5 - 302*z**2 - z**3 + 107*z**2 + 7*z + 102*z**2 + 99*z**2. Determine f(5).
55
Let h(k) = -2*k - 146 - 3*k + 94 + 0*k + 142. Determine h(17).
5
Let v be (-1)/(-2*(-2)/4). Let q(f) be the first derivative of -f**5/15 + f**3/6 + 62*f**2 + 63. Let k(t) be the second derivative of q(t). Give k(v).
-3
Let j be ((-1)/2)/((-57)/342). Let d(s) be the third derivative of -1/24*s**4 + 1/120*s**6 - 10*s**2 + 0 + 0*s - 1/20*s**5 - 1/6*s**j. Give d(3).
-4
Suppose -17*a + 12551 = -879. Let s(r) = 9*r - a + 790. Give s(3).
27
Let q(g) = 58 + 62*g**2 + 14*g**2 - 75*g**2 + 16*g. Determine q(-10).
-2
Let o(x) be the third derivative of x**4 + 52*x**3/3 + 1946*x**2. Give o(-4).
8
Let b(w) = -10*w + 291 - 12*w - 142 - 145 - 6*w. Determine b(1).
-24
Let r(a) = -a + 3. Suppose -3*m - 135 = -4*v, -3*v + 4*m = 5*m - 85. Suppose -v*u = -34*u - 16. What is r(u)?
7
Suppose -2*g + 26 = 5*r - r, -2*g + 4*r = 14. Let h(t) be the second derivative of 2*t**3/3 - 2*t**2 + 668*t. What is h(g)?
8
Let s(m) = 0 + m - 7 + 20 - 2*m. Let i be s(-3). Let h(p) = 8 - i - 2*p + 7. Determine h(-4).
7
Suppose 0 = -160*j + 165*j + 10. Let z(n) = n**3 - n**2 - n + 5. Let r be z(j). Let c(d) = 2 - 5 - d + 0*d. What is c(r)?
2
Let a(r) = 14*r + 22 - 10 + 6*r + 9*r. Give a(3).
99
Suppose 8*p + 42*p - 50 = 0. Let t(y) = -2*y - 2*y**2 + 4*y - y**3 + 4*y**3 + 5*y. Let r(b) = 7*b**3 - 4*b**2 + 15*b. Let j(u) = 6*r(u) - 13*t(u). Give j(p).
4
Let z(p) = 12*p. Let t(i) = -3*i - 73. Let l be t(-7). Let x be 1/(-2)*(114 - 8). Let s = l - x. What is z(s)?
12
Suppose 7*s = 9 + 33. Let f(k) be the third derivative of -k**6/120 + k**5/12 + 7*k**4/24 + 2*k**3/3 - 4*k**2. What is f(s)?
10
Let p(j) = -j**2 + 53*j - 112. Let h be p(34). Let q = 538 - h. Let w(m) be the second derivative of -m**4/12 + 2*m**3/3 - 3*m**2 + m. Calculate w(q).
-6
Let d(r) be the third derivative of r**5/120 - 13*r**4/24 + 40*r**3 - 9*r**2 + 9. Let p(i) be the first derivative of d(i). What is p(12)?
-1
Let u be (-5 + 9)*(-1)/(-2). Let d = -7 + u. Let y(c) = 13*c - 3. Let n(l) = 4*l - 1. Let g(h) = -4*n(h) + y(h). Calculate g(d).
16
Let r(o) = -21*o - 1 - 3 + 22*o - 1. What is r(0)?
-5
Let m(y) = y**3 - y**2 + y - 5. Let c(u) = -u**3 + 21*u**2 + 46*u - 9. Let i be c(23). Let v(l) = l**3 + 11*l**2 + 17*l - 9. Let d be v(i). Determine m(d).
-5
Let c(b) be the second derivative of 0 - 4*b**2 - 23*b - 1/6*b**3. Give c(-6).
-2
Let d be 12/((-1)/32*(2 - 8)). Let g(s) = s**2 + 4*s + d - 34 - 34. What is g(-4